57
Let q(z) = -28*z**3 + 220*z**2 + 30*z - 6. Give q(8).
-22
Let d(b) = -2*b**2 + 10513*b - 83962. Give d(8).
14
Let c(l) = -7*l**3 + 188*l**2 + 119*l - 2311. Give c(27).
173
Let r(q) = 353039*q + 1059128. What is r(-3)?
11
Let d(y) = -y**2 + 65*y + 2790. What is d(95)?
-60
Let p(o) = 679692*o + 1359390. Give p(-2).
6
Let o(z) = 26*z**2 + 78*z - 685. What is o(4)?
43
Let x(a) = 4*a**2 + 13272*a + 92575. What is x(-7)?
-133
Let s(v) = 2*v**3 - 643*v**2 - 5606*v - 1310. Determine s(330).
10
Let v(w) = 22*w - 1652. Calculate v(116).
900
Let d(v) = 4*v**3 + 80*v**2 + 75*v + 369. Determine d(-19).
388
Let p(q) = q**2 + 235*q + 13562. Give p(-132).
-34
Let h(m) = m**2 - 500*m + 42693. Give h(386).
-1311
Let r(d) = -2*d**2 - 640*d + 640. Determine r(1).
-2
Let g(v) = v**3 - 46*v**2 - 193*v + 295. Give g(50).
645
Let i(r) = 3*r**2 - 692*r - 14414. Determine i(250).
86
Let r(s) = 3059*s - 356201. What is r(117)?
1702
Let d(v) = -v**3 - 445*v**2 - 12074*v - 4165. Determine d(-416).
-5
Let x(o) = -400*o - 10213. Calculate x(-26).
187
Let z(h) = h**2 + 2891*h - 190473. Determine z(65).
1667
Let f(c) = c**2 + 476*c - 5416. Determine f(11).
-59
Let m(n) = 13*n**2 + 2611*n + 2224. Give m(-200).
24
Let k(l) = 5*l**3 + 21*l**2 + 24*l + 138. What is k(-4)?
58
Let f(s) = -4*s**3 - 42*s**2 + 11*s + 638. Calculate f(0).
638
Let a(q) = -3*q**2 + 886*q - 42955. Determine a(61).
-72
Let h(b) = 122*b**3 - 16*b**2 - 32*b + 44. What is h(1)?
118
Let w(l) = -1130*l - 16331. Determine w(-15).
619
Let y(r) = -8845*r + 159203. Determine y(18).
-7
Let h(t) = -23653*t - 47334. Calculate h(-2).
-28
Let h(z) = 3*z**2 - 21*z - 273. Calculate h(-11).
321
Let n(v) = 5*v - 987. Determine n(-92).
-1447
Let j(f) = 135*f**2 - 1774*f - 54. Give j(13).
-301
Let t(c) = c**3 + 353*c**2 + 12560*c + 12515. What is t(-313)?
-5
Let i(r) = 21306*r + 191765. What is i(-9)?
11
Let r(d) = 446561*d - 4019052. Calculate r(9).
-3
Let d(k) = -464794*k + 464759. Give d(1).
-35
Let s(t) = -16784*t + 100813. What is s(6)?
109
Let i(g) = -2*g**2 + 209*g + 127. Give i(106).
-191
Let i(c) = 302*c**3 - 3*c**2 - 145*c + 282. Calculate i(2).
2396
Let h(j) = 22*j**3 + 7*j**2 + 28*j + 23. What is h(-1)?
-20
Let a(l) = 7817*l + 69557. Determine a(-9).
-796
Let p(m) = 35*m**3 - 565*m**2 + 85*m - 106. Calculate p(16).
-26
Let u(t) = -1050*t - 19027. Determine u(-18).
-127
Let q(m) = -5547*m**2 - 155334*m - 504. Give q(-28).
0
Let n(a) = a**3 - 333*a**2 - 1353*a + 1769. What is n(337)?
84
Let t(n) = -108*n**2 - 2653*n - 11431. Calculate t(-19).
-12
Let c(r) = 27*r**2 - 1731*r - 3455. Determine c(-2).
115
Let w(n) = -2*n**2 - 4*n + 72964. Give w(190).
4
Let w(k) = 3341*k + 2622696. Determine w(-785).
11
Let i(w) = 14863*w - 8055751. Calculate i(542).
-5
Let g(s) = 620*s**2 - 186607*s - 3920. What is g(301)?
-7
Let o(w) = 63*w**2 - 261*w - 4. Give o(3).
-220
Let l(t) = -67*t**2 + 881*t - 2036. Calculate l(3).
4
Let m(j) = 44*j**2 + 5718*j - 324. Calculate m(-130).
-64
Let a(t) = 227*t - 11352. What is a(53)?
679
Let i(r) = 1277*r - 9515. Calculate i(9).
1978
Let h(n) = -106*n**3 - 627*n**2 - 59*n + 39. Give h(-6).
717
Let t(p) = -9*p**2 + 4644*p - 114657. Give t(490).
3
Let c(i) = -72743*i - 2036789. Calculate c(-28).
15
Let i(t) = -2*t**2 - 78*t - 534. Calculate i(-8).
-38
Let j(l) = 236*l**3 - 8*l**2 + 174*l - 172. Calculate j(1).
230
Let d(p) = 19044*p + 875993. What is d(-46)?
-31
Let g(y) = 8*y**2 - y + 235. Calculate g(0).
235
Let k(s) = 253933*s + 761775. Give k(-3).
-24
Let o(s) = -2102*s - 233297. Give o(-111).
25
Let y(i) = i**3 - 27*i**2 + 220*i - 3556. Calculate y(24).
-4
Let t(m) = 4*m**2 + 602*m + 12031. What is t(-24)?
-113
Let o(j) = -9382*j - 2289212. Determine o(-244).
-4
Let y(k) = 103*k**2 + 3813*k + 2. Calculate y(-37).
-72
Let k(o) = 123*o**2 - 56448*o - 4122. Calculate k(459).
9
Let l(d) = 14013*d + 84145. Calculate l(-6).
67
Let j(x) = 5678*x + 738088. Calculate j(-130).
-52
Let z(m) = -39*m**3 + 2460*m**2 - 166*m - 1399. Determine z(63).
50
Let c(r) = r**3 + 216*r**2 - 1344*r - 2473. What is c(-222)?
191
Let r(c) = 2075*c - 57982. What is r(28)?
118
Let z(n) = 129935*n - 28065967. Give z(216).
-7
Let o(m) = 1451*m + 21729. Give o(-15).
-36
Let g(b) = b**3 + 13*b**2 - 1294*b + 132. Determine g(30).
12
Let d(y) = 6*y**2 + 369*y + 2675. Determine d(-8).
107
Let t(x) = -x**3 + 543*x**2 + 4272*x + 2963. Give t(-7).
9
Let a(t) = -1609620*t - 3219233. What is a(-2)?
7
Let c(i) = -2408*i - 96270. Calculate c(-40).
50
Let h(v) = 23916*v - 382664. What is h(16)?
-8
Let d(n) = 2725*n - 95335. Determine d(35).
40
Let v(j) = j**3 + 44*j**2 + 15109*j + 597970. What is v(-40)?
10
Let k(b) = 120*b + 2040. Calculate k(-27).
-1200
Let f(t) = -3*t**3 - 180*t**2 - 1644*t + 119. What is f(-49)?
1442
Let a(z) = -z**2 + 168*z - 5765. Calculate a(52).
267
Let p(g) = -572*g + 15875. Give p(28).
-141
Let f(l) = -6631*l - 85914. What is f(-13)?
289
Let n(w) = -w**3 - 17*w**2 + 13278*w + 225841. What is n(-17)?
115
Let w(u) = -5*u**2 + 289*u - 4012. Calculate w(31).
142
Let l(t) = -t**2 + 86046*t + 258170. Calculate l(-3).
23
Let v(s) = 10178*s + 71248. Give v(-7).
2
Let i(w) = -2351*w - 2771886. Calculate i(-1179).
-57
Let u(n) = -n**3 - 12*n**2 - 149*n - 950. Calculate u(-8).
-14
Let r(h) = -2*h**3 - 140*h**2 - 777*h - 36. Determine r(-6).
18
Let g(u) = u**3 + 24*u**2 + 193*u + 2701. What is g(-21)?
-29
Let s(v) = -46835*v - 327995. Determine s(-7).
-150
Let c(o) = 2*o**3 + 234*o**2 + 229*o - 624. Give c(-116).
-276
Let t(n) = 103*n - 8090. Give t(79).
47
Let w(q) = -84782*q + 2797798. What is w(33)?
-8
Let g(l) = -l**3 + 174*l**2 - 346*l - 184. What is g(172)?
-528
Let d(w) = -52776*w + 2005472. What is d(38)?
-16
Let m(t) = 1672*t - 122153. What is m(73)?
-97
Let b(w) = -203*w**2 + 21*w - 89. Calculate b(-3).
-1979
Let u(h) = -98*h**2 + 4015*h - 325. Calculate u(41).
-448
Let m(p) = 219*p + 2576. Give m(3).
3233
Let d(a) = a**3 - 40*a**2 - 541*a + 14209. What is d(45)?
-11
Let q(c) = -c**2 + 175*c - 5554. Determine q(41).
-60
Let h(q) = -q**2 + 112*q - 1803. Give h(93).
-36
Let k(m) = -m**3 + 12*m**2 - 23936*m + 335525. Give k(14).
29
Let x(a) = -19*a**2 - 11*a + 11. Calculate x(10).
-1999
Let x(w) = 3211*w + 719384. What is x(-224)?
120
Let v(u) = -u**3 - 202*u**2 - 3307*u + 89. Calculate v(-18).
-1
Let w(d) = -67*d**3 - 164*d**2 + 90*d - 49. Determine w(-3).
14
Let i(x) = 12*x**2 - 9226*x - 27683. What is i(-3)?
103
Let q(c) = 11940*c - 274629. Calculate q(23).
-9
Let r(o) = 4*o**3 + 42*o**2 - 10*o - 66. Calculate r(-12).
-810
Let s(m) = 963*m + 3076. Calculate s(-8).
-4628
Let y(f) = f**2 + 4*f + 431. Give y(-15).
596
Let n(l) = -4*l**3 + 3526*l**2 - 1543*l - 192941. Give n(881).
-2
Let s(f) = -f**3 + 78*f**2 + 71*f - 12619. Determine s(77).
-1223
Let r(q) = -q**3 + 69*q**2 - 922*q - 32. Calculate r(50).
1368
Let f(i) = 26841*i + 14494139. What is f(-540)?
-1
Let z(j) = -62*j**2 + 267*j - 1132. Determine z(4).
-1056
Let k(g) = 1083*g + 236124. What is k(-218)?
30
Let t(b) = -b**3 + 11*b**2 + 61*b - 717. Calculate t(10).
-7
Let n(u) = 258*u + 1816. Determine n(-6).
268
Let n(s) = 3*s**3 - 29*s**2 + 11*s + 180. What is n(6)?
-150
Let f(h) = 269*h**2 - 3372*h - 136. Give f(13).
1489
Let x(c) = -28*c**2 + 3166*c - 74076. Calculate x(80).
4
Let f(a) = -799*a - 65801. Calculate f(-81).
-1082
Let c(i) = 2*i**2 - 135*i + 1637. Determine c(51).
-46
Let x(p) = 8*p**2 - 102609*p + 512845. Determine x(5).
0
Let t(s) = -3*s**3 - 26*s**2 - 64*s - 61. Determine t(-8).
323
Let w(x) = 3*x**2 - 344496*x - 689002. Determine w(-2).
2
Let c(w) = -2*w**3 - 21*w**2 + 2889*w - 599. Determine c(33).
-5
Let s(o) = 3*o**3 + 761*o**2 - 2579*o - 2388. What is s(-257)?
-75
Let v(i) = -167556*i - 502677. Calculate v(-3).
-9
Let t(j) = 97*j**2 - 17843*j - 927. What is t(184)?
-7
Let s(h) = 20*h + 1312. Give s(-55).
212
Let s(u) = -58*u**2 - 2745*u - 916. What is s(-47)?
-23
Let s(y) = 10*y**3 + 7607*y**2 - 15241*y + 17. Calculate s(2).
43
Let x(g) = 12840*g - 616314. Calculate x(48).
6
Let l(j) = -1139*j**3 - 11*j**2 - 9*j + 1. Give l(-1).
1138
Let u(d) = -2*d**2 - 10828*d - 32467. What is u(-3)?
-1
Let s(d) = d**3 - 39*d**2 - 45*d - 57. What is s(40)?
-257
Let u(v) = 4*v**2 + 885*v - 2804. Calculate u(-227).
2417
Let w(i) = 329*i - 2130. 